{"id":753,"date":"2024-11-29T22:14:01","date_gmt":"2024-11-29T22:14:01","guid":{"rendered":"http:\/\/www.starogardgdanski.eu\/2025\/?page_id=753"},"modified":"2025-02-08T10:28:21","modified_gmt":"2025-02-08T10:28:21","slug":"oplaty","status":"publish","type":"page","link":"https:\/\/www.starogardgdanski.eu\/2025\/oplaty\/","title":{"rendered":"Op\u0142aty"},"content":{"rendered":"\t\t<div data-elementor-type=\"wp-page\" data-elementor-id=\"753\" class=\"elementor elementor-753\">\n\t\t\t\t<div class=\"elementor-element elementor-element-59278a1 e-flex e-con-boxed wpr-particle-no wpr-jarallax-no wpr-parallax-no wpr-sticky-section-no e-con e-parent\" data-id=\"59278a1\" data-element_type=\"container\" data-settings=\"{&quot;background_background&quot;:&quot;classic&quot;}\">\n\t\t\t\t\t<div class=\"e-con-inner\">\n\t\t<div class=\"elementor-element elementor-element-7e2b53b e-con-full e-flex wpr-particle-no wpr-jarallax-no wpr-parallax-no wpr-sticky-section-no e-con e-child\" data-id=\"7e2b53b\" data-element_type=\"container\" data-settings=\"{&quot;background_background&quot;:&quot;classic&quot;}\">\n\t\t\t\t<div class=\"elementor-element elementor-element-7ed6b8a elementor-widget elementor-widget-premium-addon-pricing-table\" data-id=\"7ed6b8a\" data-element_type=\"widget\" data-widget_type=\"premium-addon-pricing-table.default\">\n\t\t\t\t<div class=\"elementor-widget-container\">\n\t\t\t\t\t\r\n\t<div class=\"premium-pricing-table-container\">\r\n\t\t\t\t\t<h3 class=\"premium-pricing-table-title\">\r\n\t\t\t\tKoszt uczestnictwa <br>w konferencji wraz <br>z publikacj\u0105 i  kolacj\u0105\t\t\t<\/h3>\r\n\t\t\t\t\t\t<div class=\"premium-pricing-price-container\">\r\n\t\t\t\r\n\t\t\t\r\n\t\t\t\r\n\t\t\t\t\t\t\t\t\t\t<span class=\"premium-pricing-price-value\">550 z\u0142<\/span>\r\n\t\t\t\r\n\t\t\t\r\n\t\t\t\r\n\t\t\t\t\t\t\t\t<\/div>\r\n\t\t\t\t\t\t\t\t<\/div>\r\n\r\n\t\t\t\t\t\t<\/div>\n\t\t\t\t<\/div>\n\t\t\t\t<\/div>\n\t\t<div class=\"elementor-element elementor-element-daa42a6 e-con-full e-flex wpr-particle-no wpr-jarallax-no wpr-parallax-no wpr-sticky-section-no e-con e-child\" data-id=\"daa42a6\" data-element_type=\"container\" data-settings=\"{&quot;background_background&quot;:&quot;classic&quot;}\">\n\t\t\t\t<div class=\"elementor-element elementor-element-e816125 elementor-widget elementor-widget-premium-addon-pricing-table\" data-id=\"e816125\" data-element_type=\"widget\" data-widget_type=\"premium-addon-pricing-table.default\">\n\t\t\t\t<div class=\"elementor-widget-container\">\n\t\t\t\t\t\r\n\t<div class=\"premium-pricing-table-container\">\r\n\t\t\t\t\t<h3 class=\"premium-pricing-table-title\">\r\n\t\t\t\tKoszt uczestnictwa <br>w konferencji wraz <br>z publikacj\u0105<br>\t\t\t<\/h3>\r\n\t\t\t\t\t\t<div class=\"premium-pricing-price-container\">\r\n\t\t\t\r\n\t\t\t\r\n\t\t\t\r\n\t\t\t\t\t\t\t\t\t\t<span class=\"premium-pricing-price-value\">400 z\u0142<\/span>\r\n\t\t\t\r\n\t\t\t\r\n\t\t\t\r\n\t\t\t\t\t\t\t\t<\/div>\r\n\t\t\t\t\t\t\t\t<\/div>\r\n\r\n\t\t\t\t\t\t<\/div>\n\t\t\t\t<\/div>\n\t\t\t\t<\/div>\n\t\t<div class=\"elementor-element elementor-element-c7bb605 e-con-full e-flex wpr-particle-no wpr-jarallax-no wpr-parallax-no wpr-sticky-section-no e-con e-child\" data-id=\"c7bb605\" data-element_type=\"container\" data-settings=\"{&quot;background_background&quot;:&quot;classic&quot;}\">\n\t\t\t\t<div class=\"elementor-element elementor-element-6dabb57 elementor-widget elementor-widget-premium-addon-pricing-table\" data-id=\"6dabb57\" data-element_type=\"widget\" data-widget_type=\"premium-addon-pricing-table.default\">\n\t\t\t\t<div class=\"elementor-widget-container\">\n\t\t\t\t\t\r\n\t<div class=\"premium-pricing-table-container\">\r\n\t\t\t\t\t<h3 class=\"premium-pricing-table-title\">\r\n\t\t\t\tKoszt publikacji bez uczestnictwa<br><br>\t\t\t<\/h3>\r\n\t\t\t\t\t\t<div class=\"premium-pricing-price-container\">\r\n\t\t\t\r\n\t\t\t\r\n\t\t\t\r\n\t\t\t\t\t\t\t\t\t\t<span class=\"premium-pricing-price-value\">300 z\u0142<\/span>\r\n\t\t\t\r\n\t\t\t\r\n\t\t\t\r\n\t\t\t\t\t\t\t\t<\/div>\r\n\t\t\t\t\t\t\t\t<\/div>\r\n\r\n\t\t\t\t\t\t<\/div>\n\t\t\t\t<\/div>\n\t\t\t\t<\/div>\n\t\t<div class=\"elementor-element elementor-element-ef2d330 e-con-full e-flex wpr-particle-no wpr-jarallax-no wpr-parallax-no wpr-sticky-section-no e-con e-child\" data-id=\"ef2d330\" data-element_type=\"container\" data-settings=\"{&quot;background_background&quot;:&quot;classic&quot;}\">\n\t\t\t\t<div class=\"elementor-element elementor-element-66397ca elementor-widget elementor-widget-premium-addon-pricing-table\" data-id=\"66397ca\" data-element_type=\"widget\" data-widget_type=\"premium-addon-pricing-table.default\">\n\t\t\t\t<div class=\"elementor-widget-container\">\n\t\t\t\t\t\r\n\t<div class=\"premium-pricing-table-container\">\r\n\t\t\t\t\t<h3 class=\"premium-pricing-table-title\">\r\n\t\t\t\tKoszt uczestnictwa <br>w konferencji, <br>bez publikacji\t\t\t<\/h3>\r\n\t\t\t\t\t\t<div class=\"premium-pricing-price-container\">\r\n\t\t\t\r\n\t\t\t\r\n\t\t\t\r\n\t\t\t\t\t\t\t\t\t\t<span class=\"premium-pricing-price-value\">200 z\u0142<\/span>\r\n\t\t\t\r\n\t\t\t\r\n\t\t\t\r\n\t\t\t\t\t\t\t\t<\/div>\r\n\t\t\t\t\t\t\t\t<\/div>\r\n\r\n\t\t\t\t\t\t<\/div>\n\t\t\t\t<\/div>\n\t\t\t\t<\/div>\n\t\t\t\t\t<\/div>\n\t\t\t\t<\/div>\n\t\t<div class=\"elementor-element elementor-element-6a8d6ff e-flex e-con-boxed wpr-particle-no wpr-jarallax-no wpr-parallax-no wpr-sticky-section-no e-con e-parent\" data-id=\"6a8d6ff\" data-element_type=\"container\" data-settings=\"{&quot;background_background&quot;:&quot;classic&quot;}\">\n\t\t\t\t\t<div class=\"e-con-inner\">\n\t\t\t\t<div class=\"elementor-element elementor-element-aa1d28b elementor-widget elementor-widget-text-editor\" data-id=\"aa1d28b\" data-element_type=\"widget\" data-widget_type=\"text-editor.default\">\n\t\t\t\t<div class=\"elementor-widget-container\">\n\t\t\t\t\t\t\t\t\t<p>Wszyscy uczestnicy konferencji w momencie rejestrowania si\u0119, powinni poinformowa\u0107 o potrzebie otrzymania faktury b\u0105d\u017a noty za op\u0142at\u0119 konferencyjn\u0105.<\/p><p><strong>Wp\u0142aty na konto\u00a0dla uczestnik\u00f3w Konferencji<\/strong><\/p><p>Wp\u0142aty za op\u0142aty konferencyjne, zar\u00f3wno w PLN, dokonywane s\u0105 na poni\u017cszy rachunek bankowy<\/p><p>IBAN PL<br \/><strong>03 1090 2457 0000 0001 6076 9975<br \/><\/strong><\/p><p>Bank<br \/><strong>Santander Bank Polska SA<\/strong><\/p><p><strong>Pomorska Szko\u0142a Wy\u017csza w Starogardzie Gda\u0144skim<\/strong><br \/>ul. Tadeusza Ko\u015bciuszki 112\/114<br \/>83-250 Starogard Gda\u0144ski<\/p><p>Dokonuj\u0105c wp\u0142aty, prosimy o podanie\u00a0<strong>Nazwy konferencji<\/strong>\u00a0(wystarczy skr\u00f3t ZiA) oraz\u00a0<strong>Imi\u0119 i Nazwisko Uczestnika<\/strong>, celem odpowiedniego przypisania p\u0142atno\u015bci.<\/p><p>Faktury i noty za op\u0142aty konferencyjne\u00a0zostan\u0105 przekazane Uczestnikowi na miejscu, podczas Konferencji.<\/p>\t\t\t\t\t\t\t\t<\/div>\n\t\t\t\t<\/div>\n\t\t\t\t\t<\/div>\n\t\t\t\t<\/div>\n\t\t\t\t<\/div>\n\t\t","protected":false},"excerpt":{"rendered":"<p>Koszt uczestnictwa w konferencji wraz z publikacj\u0105 i kolacj\u0105 550 z\u0142 Koszt uczestnictwa w konferencji wraz z publikacj\u0105 400 z\u0142 Koszt publikacji bez uczestnictwa 300 z\u0142 Koszt uczestnictwa w konferencji, bez publikacji 200 z\u0142 Wszyscy uczestnicy konferencji w momencie rejestrowania si\u0119, powinni poinformowa\u0107 o potrzebie otrzymania faktury b\u0105d\u017a noty za op\u0142at\u0119 konferencyjn\u0105. Wp\u0142aty na konto\u00a0dla uczestnik\u00f3w Konferencji Wp\u0142aty za op\u0142aty konferencyjne, zar\u00f3wno w PLN, dokonywane s\u0105 na poni\u017cszy rachunek bankowy IBAN PL03 1090 2457 0000 0001 6076 9975 BankSantander Bank Polska SA Pomorska Szko\u0142a Wy\u017csza w Starogardzie Gda\u0144skimul. Tadeusza Ko\u015bciuszki 112\/11483-250 Starogard Gda\u0144ski Dokonuj\u0105c wp\u0142aty, prosimy o podanie\u00a0Nazwy konferencji\u00a0(wystarczy skr\u00f3t ZiA) oraz\u00a0Imi\u0119 i Nazwisko Uczestnika, celem odpowiedniego przypisania p\u0142atno\u015bci. Faktury i noty za op\u0142aty konferencyjne\u00a0zostan\u0105 przekazane Uczestnikowi na miejscu, podczas Konferencji.<\/p>\n","protected":false},"author":1,"featured_media":0,"parent":0,"menu_order":0,"comment_status":"closed","ping_status":"closed","template":"","meta":{"ocean_post_layout":"","ocean_both_sidebars_style":"","ocean_both_sidebars_content_width":0,"ocean_both_sidebars_sidebars_width":0,"ocean_sidebar":"","ocean_second_sidebar":"","ocean_disable_margins":"enable","ocean_add_body_class":"","ocean_shortcode_before_top_bar":"","ocean_shortcode_after_top_bar":"","ocean_shortcode_before_header":"","ocean_shortcode_after_header":"","ocean_has_shortcode":"","ocean_shortcode_after_title":"","ocean_shortcode_before_footer_widgets":"","ocean_shortcode_after_footer_widgets":"","ocean_shortcode_before_footer_bottom":"","ocean_shortcode_after_footer_bottom":"","ocean_display_top_bar":"default","ocean_display_header":"default","ocean_header_style":"","ocean_center_header_left_menu":"","ocean_custom_header_template":"","ocean_custom_logo":0,"ocean_custom_retina_logo":0,"ocean_custom_logo_max_width":0,"ocean_custom_logo_tablet_max_width":0,"ocean_custom_logo_mobile_max_width":0,"ocean_custom_logo_max_height":0,"ocean_custom_logo_tablet_max_height":0,"ocean_custom_logo_mobile_max_height":0,"ocean_header_custom_menu":"","ocean_menu_typo_font_family":"","ocean_menu_typo_font_subset":"","ocean_menu_typo_font_size":0,"ocean_menu_typo_font_size_tablet":0,"ocean_menu_typo_font_size_mobile":0,"ocean_menu_typo_font_size_unit":"px","ocean_menu_typo_font_weight":"","ocean_menu_typo_font_weight_tablet":"","ocean_menu_typo_font_weight_mobile":"","ocean_menu_typo_transform":"","ocean_menu_typo_transform_tablet":"","ocean_menu_typo_transform_mobile":"","ocean_menu_typo_line_height":0,"ocean_menu_typo_line_height_tablet":0,"ocean_menu_typo_line_height_mobile":0,"ocean_menu_typo_line_height_unit":"","ocean_menu_typo_spacing":0,"ocean_menu_typo_spacing_tablet":0,"ocean_menu_typo_spacing_mobile":0,"ocean_menu_typo_spacing_unit":"","ocean_menu_link_color":"","ocean_menu_link_color_hover":"","ocean_menu_link_color_active":"","ocean_menu_link_background":"","ocean_menu_link_hover_background":"","ocean_menu_link_active_background":"","ocean_menu_social_links_bg":"","ocean_menu_social_hover_links_bg":"","ocean_menu_social_links_color":"","ocean_menu_social_hover_links_color":"","ocean_disable_title":"default","ocean_disable_heading":"default","ocean_post_title":"","ocean_post_subheading":"","ocean_post_title_style":"","ocean_post_title_background_color":"","ocean_post_title_background":0,"ocean_post_title_bg_image_position":"","ocean_post_title_bg_image_attachment":"","ocean_post_title_bg_image_repeat":"","ocean_post_title_bg_image_size":"","ocean_post_title_height":0,"ocean_post_title_bg_overlay":0.5,"ocean_post_title_bg_overlay_color":"","ocean_disable_breadcrumbs":"default","ocean_breadcrumbs_color":"","ocean_breadcrumbs_separator_color":"","ocean_breadcrumbs_links_color":"","ocean_breadcrumbs_links_hover_color":"","ocean_display_footer_widgets":"default","ocean_display_footer_bottom":"default","ocean_custom_footer_template":"","footnotes":""},"class_list":["post-753","page","type-page","status-publish","hentry","entry"],"_links":{"self":[{"href":"https:\/\/www.starogardgdanski.eu\/2025\/wp-json\/wp\/v2\/pages\/753","targetHints":{"allow":["GET"]}}],"collection":[{"href":"https:\/\/www.starogardgdanski.eu\/2025\/wp-json\/wp\/v2\/pages"}],"about":[{"href":"https:\/\/www.starogardgdanski.eu\/2025\/wp-json\/wp\/v2\/types\/page"}],"author":[{"embeddable":true,"href":"https:\/\/www.starogardgdanski.eu\/2025\/wp-json\/wp\/v2\/users\/1"}],"replies":[{"embeddable":true,"href":"https:\/\/www.starogardgdanski.eu\/2025\/wp-json\/wp\/v2\/comments?post=753"}],"version-history":[{"count":151,"href":"https:\/\/www.starogardgdanski.eu\/2025\/wp-json\/wp\/v2\/pages\/753\/revisions"}],"predecessor-version":[{"id":2277,"href":"https:\/\/www.starogardgdanski.eu\/2025\/wp-json\/wp\/v2\/pages\/753\/revisions\/2277"}],"wp:attachment":[{"href":"https:\/\/www.starogardgdanski.eu\/2025\/wp-json\/wp\/v2\/media?parent=753"}],"curies":[{"name":"wp","href":"https:\/\/api.w.org\/{rel}","templated":true}]}}